*m**2 - 8*m + 2. Let p be j(o). What is the units digit of -7*(-2 - 12/p)?
2
Suppose -3*i = -0*i - 4*z - 7, 0 = 4*i + 3*z - 26. Suppose 25 = 2*b + 5*f - 0*f, -5*b = f - i. Suppose 0 = -b*y - 2*y + 2. What is the units digit of y?
1
Let x(v) = -5*v**2 - 16*v - 10. Let q(k) = -k**2 - k. Let o(l) = -4*q(l) + x(l). What is the tens digit of o(-9)?
1
What is the tens digit of ((-4)/((-8)/37))/(2/4)?
3
Let h = -27 + 40. What is the tens digit of h?
1
Let q(k) = 10*k**2 - 2*k + 2. Let d(b) = -9*b**2 + 2*b - 1. Let p(l) = -3*d(l) - 2*q(l). Let i be p(-1). Let j = i + -6. What is the units digit of j?
2
Let z be 1*2/(-6)*-117. Suppose -7 + z = 2*v. What is the tens digit of v?
1
Let x(n) = n**2 - 8*n + 1. Let d be x(7). Let j(w) = -3*w - 1. What is the tens digit of j(d)?
1
Let x = -4 - 3. Let g(d) = d**3 + 8*d**2 + 7*d + 3. Let t be g(x). Suppose 3*w - 35 = 4*u, 5*w - t*u = 26 + 14. What is the units digit of w?
5
Let x = 1 - 1. Suppose x*p = 5*p. What is the units digit of 6 - (p + -2 + 1)?
7
Let y be (-23)/4 - (-4)/(-16). Let c be (20/y)/((-2)/3). Let w = 0 + c. What is the units digit of w?
5
Let d be (2 + (-6)/4)*-14. What is the units digit of 54/1 - (-21)/d?
1
Let n be 1 + 0 + -1 - -28. Suppose h = -1 - 0, 5*x - n = 3*h. Let b = 0 + x. What is the units digit of b?
5
Suppose 3*r - 63 = 2*p + p, -3*r + 5*p = -71. Let u = -5 + r. What is the units digit of u?
2
Let q(f) = 4*f**2 + 2*f - 7. What is the tens digit of q(4)?
6
Let t be 6/3 - (0 - 2). Suppose t*g + 4*s - 46 = g, 5*s = -g + 19. What is the units digit of g?
4
Suppose 12 + 18 = 2*c. Suppose 2*m + c = 51. What is the tens digit of m?
1
Suppose -f + 5*f - 8 = 0. Suppose -f*k - 64 = -6*k. What is the tens digit of k?
1
Let s be 2/(-8) + 147/28. Suppose -3*n - 22 = -s*n - 3*z, 5*z + 33 = 3*n. Suppose -5*u + n = -14. What is the units digit of u?
5
Let m(h) = 2*h - 3 - 2 - h. Suppose -35 = -5*q - 0*q. What is the units digit of m(q)?
2
Suppose -2 = 3*x - 8. What is the units digit of 0 + 8 + x + -3?
7
Let v = -1 - -6. Suppose -3*q = -4*h + 1, -q + v*h - 11 = h. What is the units digit of q?
5
Suppose 0 = 16*i - 8*i - 1576. What is the tens digit of i?
9
Let r(a) = a**3 + 5*a**2 - a - 1. Let x be r(-5). Suppose 0 = -2*b + 3*t + t + 2, x*b - t - 11 = 0. What is the units digit of b?
3
Suppose -6*t = -5*t + 21. Let z(g) = -g**2 - 5*g + 2. Let d be z(-4). What is the units digit of ((-56)/t)/(2/d)?
8
Suppose -4*s + 5*u = -628 + 120, 378 = 3*s - 3*u. What is the hundreds digit of s?
1
Let r(v) = v**3 + 37. What is the units digit of r(0)?
7
Let i(s) be the third derivative of -s**3 + 3*s**2 + 0*s + 0 - 1/8*s**4. What is the units digit of i(-5)?
9
Suppose -2*o = -0*m - m + 184, 5*m - 950 = -5*o. What is the hundreds digit of m?
1
Suppose 3 = 3*y + 3*w - 9, 5*y - 5*w + 10 = 0. What is the units digit of y/(3 - 2) - -2?
3
Suppose u - 18 = -4*w, 0 = -4*u - 0*w + 3*w - 23. What is the tens digit of 1/(0 - u/46)?
2
Let g(o) = o**2 + 8*o + 5. Let j be g(-7). What is the tens digit of ((-84)/35)/(j/15)?
1
Let r(o) = o. Let p be r(-7). Let i(m) = -m**3 - m**2 + 1. Let b(t) = 6*t**3 + 11*t**2 - 6*t + 3. Let n(x) = b(x) + 5*i(x). What is the units digit of n(p)?
1
Suppose 3*m - c - 103 = 15, 3*m - 2*c - 113 = 0. What is the units digit of m?
1
Let d(r) = 2*r**3 + 3*r**2 - 2*r + 3. What is the units digit of d(2)?
7
Let b = -393 + 556. What is the hundreds digit of b?
1
Let b(c) be the third derivative of -c**8/6720 + c**5/30 - c**4/24 - c**2. Let g(m) be the second derivative of b(m). What is the units digit of g(0)?
4
What is the hundreds digit of ((-2)/3)/(8/(-1788))?
1
Suppose -2*z - 2 = 0, 7*z = -l + 2*z - 9. What is the tens digit of l/(-6) - 201/(-9)?
2
Let b(g) = g**2 - 5*g + 5. Let y be b(5). Let i(a) = a**3 - 4*a**2 - a - 7. What is the units digit of i(y)?
3
Let z(b) = -4*b**2 - 6*b + 2*b**2 + 4*b**2 - 9. Let h(x) = -x**2 + 4*x + 6. Let m(i) = 8*h(i) + 5*z(i). What is the units digit of m(-2)?
7
Let d = 8 + -6. Let u = -2 + d. Suppose u = -3*g + 3 + 3. What is the units digit of g?
2
Let o be ((-3)/(-2))/((-3)/(-6)). Let n(a) = -5*a - 4*a + o*a + 10 + 8*a**2 + a**3 - 2*a**2. What is the units digit of n(-7)?
3
Let r(w) = w**2 - w - 2. Let y(k) = k**2 + 7*k - 6. Let o be y(-8). Let n be r(o). Suppose 5*b - 3*b - 16 = n. What is the units digit of b?
8
Suppose 0 = 23*l - 18*l - 390. Let q = l + -43. What is the tens digit of q?
3
Let t(x) = -x**3 + x. Let n(k) = 5*k**3 + 10*k**2 + 4*k - 7. Let s(h) = n(h) + 4*t(h). What is the units digit of s(-9)?
2
Let b = 2 + 15. What is the units digit of (-3)/(-6) + b/2?
9
Let f = 44 + 2. What is the units digit of f?
6
Suppose r = -0*f - 5*f + 56, 0 = f + 2*r - 4. Let d be (f/(-10))/((-2)/5). Suppose -k - 4 = -d*k. What is the units digit of k?
2
Let y be (37 + -2)*(-6)/(-15). Suppose 2*m + 3 - 8 = -5*f, y = -2*f - 4*m. What is the units digit of f?
3
Suppose 0*o + 3*o = 27. Let c = o - 7. What is the tens digit of -2*(18/(-4) - c)?
1
Suppose z = 6 - 2. Suppose -2*n = 0, -z*n + 5 - 165 = -4*u. What is the units digit of u?
0
Suppose 4*n - 1 = 31. Let i = n - -2. What is the tens digit of i?
1
What is the units digit of (25 - (-10)/(-5))*2?
6
Suppose 3*d + 108 = 6*d. What is the tens digit of d?
3
Suppose -h - 6*j = -5*j - 9, 4*j + 8 = 0. What is the units digit of h?
1
Let r(o) = -70*o + 2. What is the tens digit of r(-1)?
7
Let a(u) = 2*u**2 - 19*u + 19. Let r(s) = 3*s**2 - 28*s + 28. Let x(o) = -7*a(o) + 5*r(o). What is the tens digit of x(8)?
1
Suppose -2*w + 0*w = -2. Suppose 0*m + 4 = 4*m. Let o = w + m. What is the units digit of o?
2
Let o(g) = -g**3 + 11*g**2 + 3*g - 2. What is the tens digit of o(11)?
3
Suppose 12 = 3*i - 4*x + 5, i + 2 = -3*x. What is the units digit of i?
1
Let o(w) = -14*w - 1. What is the units digit of o(-2)?
7
Let z = 201 - 118. What is the tens digit of z?
8
Let m(s) = -s + 19. Suppose -5*q + 0*f + 45 = -4*f, -q = -4*f - 9. What is the units digit of m(q)?
0
Suppose 4*g = 3*o - 32, -5*o + 0*g + 4*g = -64. Let v = o + -1. What is the units digit of v?
5
Let g(q) = 5*q - 23. What is the units digit of g(13)?
2
Suppose -6*a = 3*x - a + 10, -5 = 4*x + 5*a. What is the units digit of (1 + x)/(6/4)?
4
Let t = -10 + 9. Let o = 3 + -1. Let l = o + t. What is the units digit of l?
1
Suppose 8 = 3*i - 10. What is the units digit of i?
6
Let h be (-21)/7 - -49*1. Suppose g + 14 = 2*x - 6*x, -4*x + h = -g. What is the units digit of (g/(-50))/(1/10)?
6
Let t(a) = -2*a - 3*a + 7*a + 10 - 3*a. Let x be t(6). What is the tens digit of 2/(x/26) - 1?
1
Let u(b) = b**3 - 6*b**2 - 4*b + 4. Let q be u(5). Let w = q + 77. Suppose -p = -4*p + w. What is the units digit of p?
2
Suppose -3*o + 348 = -93. What is the tens digit of o?
4
Let q(w) be the third derivative of w**5/30 + w**4/12 + w**3/6 - 2*w**2. Let u = -1 + -1. What is the units digit of q(u)?
5
Suppose 6*u - 2*u = 40. Let c(i) = 4*i**3 - 2*i**3 - 4*i**3 + u*i**2 - 4 - 2*i + 3*i**3. What is the units digit of c(-10)?
6
Suppose 0*p = -4*m + 2*p + 84, -85 = -3*m - 4*p. What is the units digit of m?
3
Let n(d) = -6*d - 1. Let y be n(1). What is the units digit of 14/49 - 26/y?
4
Let i(w) = -w + 1. Let u be i(5). Let h(f) = f**2 + f + 3. What is the units digit of h(u)?
5
What is the units digit of (-2 - -1 - -2) + 3 + 127?
1
Let r = 2 + -1. What is the units digit of r?
1
Let l be 50/15*6/4. Suppose 6 = -0*k + k + l*o, -2*k + 5*o = 3. What is the units digit of k?
1
Suppose -6 = 2*c, 4*g - 355 = c - 0*c. What is the units digit of g?
8
Suppose -23 = y - 90. What is the units digit of y?
7
Suppose 2*r + o - 15 - 5 = 0, 2*r + 4*o - 14 = 0. What is the tens digit of r?
1
Let f = 214 - 118. What is the tens digit of f?
9
Suppose a = 4*o + 80, 3*a + 68 = 4*a + 2*o. Suppose -a = 4*y - y. What is the tens digit of y/3*12/(-8)?
1
Suppose v + 82 = 4*r, 3*r - 65 = -3*v + 2*v. What is the units digit of 17/3 - 14/r?
5
Suppose -2*v + 2046 = 9*v. What is the hundreds digit of v?
1
Let p = 19 + -16. Suppose 72 = p*k + 12. What is the tens digit of k?
2
Let w(y) = 2*y**3 - 5*y**2 - 3*y - 22. What is the tens digit of w(6)?
1
Let g(q) = -6*q. Let v be g(1). Let w = 31 + v. What is the tens digit of w?
2
Let b = 4 - 0. Suppose -b*k = -k - 3. Suppose 5*p - 6 = -k. What is the units digit of p?
1
Suppose -